 (base 2) to base 11.
7
What is 214 (base 5) in base 3?
2012
What is -15a (base 11) in base 13?
-114
What is 10011 (base 2) in base 11?
18
Convert 2 (base 8) to base 11.
2
Convert 2 (base 13) to base 7.
2
Convert 10010000 (base 2) to base 11.
121
What is 12 (base 10) in base 8?
14
What is -5 (base 9) in base 14?
-5
What is 122 (base 10) in base 11?
101
Convert 2 (base 16) to base 4.
2
Convert -6 (base 9) to base 2.
-110
Convert 30 (base 4) to base 10.
12
What is -15a (base 11) in base 8?
-272
-1 (base 4) to base 13
-1
What is 20010 (base 3) in base 9?
203
What is -2 (base 6) in base 8?
-2
What is 5 (base 7) in base 5?
10
96 (base 11) to base 8
151
Convert -6 (base 11) to base 3.
-20
0 (base 2) to base 9
0
Convert 0 (base 11) to base 2.
0
1d (base 15) to base 14
20
Convert 111 (base 2) to base 13.
7
-1 (base 4) to base 2
-1
What is 0 (base 13) in base 9?
0
What is 1100 (base 4) in base 15?
55
Convert 10 (base 6) to base 7.
6
What is 3 (base 6) in base 9?
3
-15 (base 13) to base 11
-17
-5 (base 12) to base 5
-10
What is 26 (base 7) in base 14?
16
-3 (base 8) to base 7
-3
Convert 142 (base 5) to base 4.
233
Convert -41 (base 5) to base 13.
-18
4 (base 15) to base 3
11
What is -34 (base 12) in base 9?
-44
Convert -2 (base 9) to base 11.
-2
100100 (base 2) to base 6
100
112 (base 8) to base 5
244
-13 (base 9) to base 4
-30
What is 452 (base 6) in base 12?
128
Convert -7 (base 8) to base 4.
-13
0 (base 2) to base 10
0
-36 (base 16) to base 7
-105
Convert -201 (base 3) to base 6.
-31
Convert 286 (base 10) to base 9.
347
Convert -11 (base 8) to base 7.
-12
-16 (base 13) to base 11
-18
-61 (base 8) to base 4
-301
What is 31 (base 7) in base 9?
24
What is -9 (base 14) in base 6?
-13
-2 (base 14) to base 4
-2
7 (base 9) to base 5
12
What is 3c (base 14) in base 6?
130
-32 (base 11) to base 14
-27
Convert -55 (base 7) to base 6.
-104
Convert -25 (base 7) to base 13.
-16
What is -110210 (base 3) in base 2?
-101011001
What is 4 (base 7) in base 2?
100
What is -366 (base 8) in base 4?
-3312
Convert 23 (base 14) to base 13.
25
What is 2 (base 16) in base 10?
2
What is 208 (base 10) in base 11?
17a
Convert 42 (base 5) to base 6.
34
What is -21 (base 6) in base 10?
-13
1 (base 7) to base 9
1
-3b (base 15) to base 9
-62
Convert ce (base 16) to base 11.
178
Convert -12 (base 9) to base 2.
-1011
4 (base 5) to base 9
4
What is -5 (base 10) in base 12?
-5
What is -27 (base 16) in base 2?
-100111
0 (base 15) to base 13
0
What is 212 (base 3) in base 5?
43
What is 4 (base 7) in base 15?
4
Convert 1 (base 11) to base 8.
1
What is -8 (base 16) in base 6?
-12
What is 7 (base 11) in base 5?
12
-33 (base 5) to base 11
-17
What is -2 (base 16) in base 13?
-2
Convert -11 (base 2) to base 9.
-3
Convert -7 (base 14) to base 9.
-7
What is -5 (base 11) in base 8?
-5
Convert -19 (base 16) to base 3.
-221
5 (base 7) to base 12
5
Convert 120 (base 7) to base 9.
70
1 (base 4) to base 7
1
Convert -4 (base 16) to base 7.
-4
What is -101002 (base 3) in base 6?
-1132
Convert -3 (base 13) to base 16.
-3
What is 15 (base 6) in base 16?
b
What is -7 (base 16) in base 6?
-11
What is 1 (base 7) in base 11?
1
Convert -1043 (base 5) to base 12.
-104
Convert 6 (base 8) to base 15.
6
0 (base 12) to base 5
0
65 (base 14) to base 15
5e
Convert -4 (base 8) to base 10.
-4
Convert -33 (base 7) to base 15.
-19
Convert 14 (base 12) to base 11.
15
Convert 100000 (base 2) to base 13.
26
-103 (base 7) to base 15
-37
What is 68 (base 16) in base 15?
6e
What is 2 (base 5) in base 7?
2
Convert 39 (base 11) to base 4.
222
Convert 18b (base 12) to base 10.
251
Convert 9c (base 15) to base 6.
403
Convert 1 (base 12) to base 16.
1
Convert 1 (base 4) to base 5.
1
Convert -d (base 14) to base 15.
-d
-1032 (base 5) to base 6
-354
-3 (base 5) to base 2
-11
What is 200 (base 4) in base 3?
1012
Convert -7 (base 11) to base 12.
-7
What is 32 (base 8) in base 13?
20
What is -14 (base 5) in base 12?
-9
Convert -2 (base 7) to base 6.
-2
Convert -1415 (base 6) to base 8.
-563
Convert c (base 13) to base 14.
c
Convert 31 (base 10) to base 16.
1f
-5 (base 12) to base 16
-5
What is 0 (base 16) in base 13?
0
Convert -205 (base 10) to base 7.
-412
Convert -31 (base 5) to base 7.
-22
13 (base 7) to base 3
101
10 (base 4) to base 16
4
What is -10 (base 8) in base 2?
-1000
236 (base 7) to base 9
148
-14 (base 6) to base 4
-22
-12 (base 5) to base 7
-10
Convert 42 (base 10) to base 7.
60
What is -25 (base 14) in base 13?
-27
5 (base 15) to base 9
5
-10 (base 4) to base 6
-4
10110 (base 2) to base 16
16
What is -4 (base 8) in base 16?
-4
Convert 9f (base 16) to base 15.
a9
Convert -10 (base 12) to base 8.
-14
What is -7e (base 16) in base 3?
-11200
What is -12 (base 4) in base 5?
-11
Convert 0 (base 12) to base 13.
0
What is 1 (base 5) in base 14?
1
252 (base 8) to base 13
101
What is -66 (base 14) in base 5?
-330
Convert 3 (base 16) to base 6.
3
What is -35 (base 15) in base 8?
-62
What is 203 (base 4) in base 11?
32
1 (base 13) to base 15
1
What is 7 (base 11) in base 5?
12
Convert -7e (base 15) to base 2.
-1110111
Convert 304 (base 5) to base 2.
1001111
What is 70 (base 8) in base 7?
110
Convert 8 (base 13) to base 5.
13
Convert 21 (base 4) to base 2.
1001
What is 12111 (base 3) in base 9?
174
What is 100000110 (base 2) in base 13?
172
What is -45 (base 15) in base 5?
-230
What is -184 (base 12) in base 7?
-466
What is -a8 (base 11) in base 9?
-141
-2 (base 8) to base 7
-2
3 (base 15) to base 16
3
1 (base 16) to base 3
1
Convert -1011 (base 2) to base 14.
-b
What is 0 (base 11) in base 5?
0
4 (base 15) to base 9
4
6 (base 9) to base 4
12
103 (base 4) to base 16
13
What is 1001010 (base 2) in base 8?
112
What is -15 (base 6) in base 15?
-b
-e (base 15) to base 13
-11
What is -21 (base 5) in base 6?
-15
Convert 170 (base 11) to base 3.
21100
-1 (base 6) to base 14
-1
What is 47 (base 8) in base 9?
43
-1 (base 10) to base 2
-1
Convert -8 (base 12) to base 11.
-8
What is 3 (base 11) in base 13?
3
What is 11 (base 7) in base 13?
8
Convert 2 (base 16) to base 14.
2
What is -2211 (base 3) in base 6?
-204
Convert -122 (base 4) to base 16.
-1a
Convert 1 (base 14) to base 15.
1
36 (base 8) to base 12
26
-8 (base 15) to base 13
-8
What is -b (base 14) in base 12?
-b
Convert -10111 (base 3) to base 11.
-86
What is -60 (base 7) in base 15?
-2c
What is -a (base 13) in base 7?
-13
Convert -5 (base 10) to base 4.
-11
Convert -22 (base 6) to base 10.
-14
Convert -1 (base 12) to base 16.
-1
-2 (base 6) to base 13
-2
-2 (base 9) to base 5
-2
What is 5 (base 7) in base 3?
12
Convert 11 (base 3) to base 13.
4
-3 (base 10) to base 8
-3
-13 (base 16) to base 3
-201
What is -2133 (base 4) in base 16?
-9f
What is -25 (base 10) in base 5?
-100
-7 (base 8) to base 12
-7
Convert -1000 (base 2) to base 14.
-8
Convert 11003 (base 4) to base 14.
191
What is 16 (base 7) in base 8?
15
What is 110 (base 2) in base 3?
20
-1202 (base 3) to base 2
-101111
Convert -12 (base 15) to base 13.
-14
-135 (base 7) to base 6
-203
What is -7 (base 10) in base 12?
-7
Convert -143 (base 5) to base 12.
-40
-10 (base 7) to base 11
-7
a (base 12) to base 5
20
What is -b (base 14) in base 5?
-21
Convert 313 (base 4) to base 13.
43
Convert 102 (base 11) to base 3.
11120
-2 (base 10) to base 13
-2
Convert 200 (base 8) to base 12.
a8
ad (base 15) to base 12
117
Convert 8 (base 15) to base 8.
10
Convert 1141 (base 5) to base 10.
171
-402 (base 5) to base 10
-102
-43 (base 6) to base 3
-1000
-12 (base 5) to base 14
-7
What is -1 (base 2) in base 13?
-1
What is 14 (base 6) in base 8?
12
-20 (base 8) to base 13
-13
-33 (base 10) to base 15
-23
Convert -d (base 16) to base 10.
-13
2 (base 14) to base 6
2
What is 4 (base 7) in base 11?
4
423 (base 6) to base 14
b5
Convert -6 (base 7) to base 6.
-10
Convert 3 (base 4) to base 8.
3
-1101101 (base 2) to base 9
-131
What is 4 (base 14) in base 16?
4
5 (base 7) to base 16
5
What is -10 (base 5) in base 12?
-5
What is -8 (base 12) in base 16?
-8
What is -3 (base 5) in base 9?
-3
What is -1011 (base 2) in base 5?
-21
What is 11 (base 4) in base 9?
5
Convert -3 (base 13) to base 2.
-11
Convert -10000001 (base 2) to base 7.
-243
-21 (base 4) to base 14
-9
Convert 5 (base 7) to base 3.
12
Convert -22022 (base 3) to base 7.
-440
Convert -179 (bas